e 9, what is 24 - 131?
-106
In base 11, what is -116 + 4?
-112
In base 16, what is -18de - 1?
-18df
In base 11, what is 5863 - 2?
5861
In base 3, what is -11 - 112210?
-112221
In base 15, what is -9 - 18a?
-194
In base 16, what is -1 + -6c5?
-6c6
In base 10, what is 2 + -33?
-31
In base 7, what is 62 + 1035?
1130
In base 16, what is -7e - -3?
-7b
In base 12, what is 0 + -181?
-181
In base 8, what is -116 - -442?
324
In base 3, what is 10 - 2020?
-2010
In base 2, what is -1 + 111110100?
111110011
In base 9, what is -13 + 32?
18
In base 2, what is -1 + 11001000?
11000111
In base 16, what is bdb + 4?
bdf
In base 7, what is 6240 - 1?
6236
In base 12, what is 9 - 822?
-815
In base 14, what is -5 - 182?
-187
In base 13, what is -50 + 2?
-4b
In base 10, what is 0 - 25?
-25
In base 9, what is 4 + -615?
-611
In base 15, what is -1 + 126?
125
In base 15, what is -1 + -150?
-151
In base 11, what is -41 + -181?
-212
In base 14, what is 0 - 942?
-942
In base 3, what is -212121 + -12?
-212210
In base 2, what is -111 + -11001?
-100000
In base 16, what is 5 + 4b?
50
In base 6, what is 122 + -12?
110
In base 14, what is -3 + -2a5?
-2a8
In base 6, what is 0 + -53401?
-53401
In base 13, what is -4 - -760?
759
In base 16, what is -12 + d?
-5
In base 4, what is 102322 - -22?
103010
In base 14, what is -63 + -59?
-bc
In base 3, what is 1 - -221000?
221001
In base 14, what is 2a + -310?
-2c4
In base 6, what is -12 - -1424?
1412
In base 5, what is -1121 - 4?
-1130
In base 14, what is -1c1 + -3?
-1c4
In base 2, what is -100 + 10001101110?
10001101010
In base 11, what is -51 + 72?
21
In base 9, what is -378 + 32?
-346
In base 15, what is -15 + -28b?
-2a1
In base 6, what is -2541 - -1?
-2540
In base 11, what is 62 - 138?
-86
In base 11, what is -4 - -10?
7
In base 6, what is -2 - -215?
213
In base 5, what is 11 + -2201?
-2140
In base 7, what is -3 + -5?
-11
In base 7, what is -133364 - 5?
-133402
In base 5, what is 3 - 1113?
-1110
In base 11, what is 2097 - 0?
2097
In base 7, what is 1 - 436?
-435
In base 6, what is -222 + 5?
-213
In base 12, what is 24 + -3?
21
In base 5, what is 100 + -11024?
-10424
In base 7, what is 4234 - 2?
4232
In base 14, what is -3 - 478?
-47b
In base 9, what is -178 + 2?
-176
In base 12, what is -4 + -977?
-97b
In base 6, what is -4001 - -1?
-4000
In base 8, what is -4 - 35?
-41
In base 5, what is 3 + 4011?
4014
In base 9, what is -1686 + 5?
-1681
In base 7, what is 24 - 51?
-24
In base 15, what is -144 + -3?
-147
In base 15, what is -5 + -46?
-4b
In base 13, what is bb - 12?
a9
In base 4, what is -2103 - 2?
-2111
In base 2, what is -10100 - 11000010?
-11010110
In base 12, what is -10 - -9?
-3
In base 6, what is -135 + 2?
-133
In base 13, what is -2 + -a7?
-a9
In base 8, what is 331 - -2?
333
In base 7, what is -351 + 3?
-345
In base 3, what is 0 - 12122202?
-12122202
In base 6, what is 11 - -1312?
1323
In base 14, what is -1518 + 2?
-1516
In base 4, what is 20 + -311020?
-311000
In base 5, what is -2 - 440?
-442
In base 9, what is 351 - -3?
354
In base 8, what is -4 - -13?
7
In base 5, what is 4 + 10212?
10221
In base 15, what is 5 - -54?
59
In base 7, what is 4 + 45?
52
In base 8, what is -322 - 55?
-377
In base 4, what is 2 - -11012?
11020
In base 9, what is 485 + -5?
480
In base 16, what is -2b - -37?
c
In base 2, what is -10000 - 1000?
-11000
In base 10, what is 0 + -230?
-230
In base 2, what is -101001100001 + 10?
-101001011111
In base 14, what is 17b + 2?
17d
In base 8, what is -1075 - -4?
-1071
In base 12, what is -9 + 14?
7
In base 2, what is 110000101111 - -1?
110000110000
In base 8, what is 565 + 5?
572
In base 14, what is 15 - 1?
14
In base 10, what is -2100 - -3?
-2097
In base 11, what is -2 - -931?
92a
In base 2, what is 11111011 + -10?
11111001
In base 6, what is 323 + -134?
145
In base 12, what is 0 - 1a7?
-1a7
In base 16, what is -1 - 2a?
-2b
In base 16, what is -78 - -2?
-76
In base 5, what is -11 - -14404?
14343
In base 10, what is -353 - 1?
-354
In base 12, what is 8a9 - 0?
8a9
In base 13, what is -24 - 3?
-27
In base 9, what is 7 - 436?
-428
In base 13, what is 4 + 5?
9
In base 4, what is 12121 - 113?
12002
In base 14, what is 7 + 9?
12
In base 5, what is 3303 - 23?
3230
In base 4, what is 30 - -21?
111
In base 2, what is 11 + -1101001001?
-1101000110
In base 15, what is -1 + -d?
-e
In base 15, what is -1b45 - 0?
-1b45
In base 5, what is -220020 - -4?
-220011
In base 8, what is 1224 - 2?
1222
In base 5, what is 31 + 103?
134
In base 13, what is 2 + -1a?
-18
In base 6, what is 21334 - -2?
21340
In base 16, what is 63 + 9?
6c
In base 2, what is -1010 + 11?
-111
In base 13, what is -5 - 31?
-36
In base 5, what is -10 - -3200?
3140
In base 3, what is -220 - 2020?
-10010
In base 16, what is f3 + 3?
f6
In base 7, what is 0 + 1046?
1046
In base 13, what is 39 - 4?
35
In base 9, what is -232 + 2?
-230
In base 9, what is -50 + -12?
-62
In base 5, what is 32 + 103?
140
In base 10, what is 459 - 30?
429
In base 13, what is ca1 + 0?
ca1
In base 6, what is 232 - 0?
232
In base 10, what is -106 - 3?
-109
In base 16, what is -2 - 19d?
-19f
In base 2, what is 101 - 10100110111?
-10100110010
In base 4, what is 1033 + -12?
1021
In base 3, what is -12 + 1201?
1112
In base 3, what is 1001112 + -11?
1001101
In base 13, what is -5 - 1625?
-162a
In base 14, what is -d + 241?
232
In base 14, what is 5 - 26?
-21
In base 10, what is 5 - 78?
-73
In base 2, what is 111 - -1100?
10011
In base 3, what is 121 + -11100?
-10202
In base 13, what is -c - 2ba?
-2c9
In base 12, what is -5a6 - -1?
-5a5
In base 16, what is 78 - 3?
75
In base 10, what is 560 - 6?
554
In base 7, what is 101 - 4?
64
In base 9, what is -3 - -28?
25
In base 10, what is 35 - -66?
101
In base 16, what is 9d + -21?
7c
In base 5, what is -11 - -12?
1
In base 2, what is -10101100 - -11000011?
10111
In base 2, what is 10011001001110 + -11?
10011001001011
In base 9, what is -2 - 65?
-67
In base 10, what is 1818 + 10?
1828
In base 6, what is 3412 + -5?
3403
In base 8, what is 27 - 31?
-2
In base 8, what is -4 + -3271?
-3275
In base 15, what is 7 + 595?
59c
In base 13, what is -7 - 1a5?
-1ac
In base 5, what is -2 - 32?
-34
In base 16, what is 304 + 1?
305
In base 16, what is 1db3 - -5?
1db8
In base 9, what is -71 + -42?
-123
In base 4, what is -2 + 1110?
1102
In base 8, what is 307 - -3?
312
In base 10, what is 6 - 374?
-368
In base 16, what is -17 - 13f?
-156
In base 8, what is -2107 - -5?
-2102
In base 16, what is -4 - -55?
51
In base 4, what is 312 + -12?
300
In base 15, what is 221 - -3?
224
In base 12, what is 1 + -2a3?
-2a2
In base 9, what is 42 + 4?
46
In base 2, what is 10111100 + 10?
10111110
In base 4, what is 10 + 1021?
1031
In base 7, what is -310 + -6?
-316
In base 14, what is 4 + -28?
-24
In base 6, what is -3103 - 4?
-3111
In base 10, what is -176 + 2?
-174
In base 3, what is -1 + -10222?
-11000
In base 12, what is -119 + -4?
-121
In base 2, what is 101101 + 100?
110001
In base 11, what is -7 + 725?
719
In base 4, what is 2221 + -3?
2212
In base 5, what is 4 - -440?
444
In base 4, what is 132121 + -12?
132103
In base 10, what is -12 - 294?
-306
In base 11, what is 326 + -22?
304
In base 15, what is 2 + -3a?
-38
In base 6, what is 5542 - -2?
5544
In base 4, what is 3 - 20032?
-20023
In base 9, what is -351 + -31?
-382
In base 11, what is -1 + -180?
-181
In base 10, what is 3 + -4?
-1
In base 8, what is 36 + -11?
25
In base 8, what is -5 - 57?
-64
In base 10, what is -16 - 8?
-24
In base 16, what is 9 + 11?
1a
In base 9, what is 1087 - -5?
1103
In base 5, what is -4 - 41?
-100
In base 9, what is -38 - -71?
32
In base 9, what is -80 - -5?
-74
In base 13, what is -118 + -7?
-122
In base 9, what is 44 + 46?
101
In base 15, what is -74a - -2?
-748
In base 14, what is 1701 + 9?
170a
In base 11, what is -17 - -18?
1
In base 14, what is 2 + 37c?
380
In base 2, what is -100 + 11000?
10100
In base 6, what is -230 + 5?
-221
In base 12, what is a + -156?
-148
In base 16, what is -1 - -5?
4
In base 15, what is e46 - 4?
e42
In base 16, what is 17 - -2?
19
In base 10, what is 28 - 20?
8
In base 15, what is b9 + 4?
bd
In base 3, what is -1010 + -11100?
-12110
In base 15, what is 0 - -e4?
e4
In base 7, what is 30 + 52?
112
In base 15, what is 1 + 71?
72
In base 16, what is 1081 + 0?
1081
I